z(0).
11
Let o(b) = 4*b**2 + b + 5. Calculate o(-2).
19
Let f(y) = y**2 + y - 7. Give f(-3).
-1
Let x(g) = -9*g + 5. What is x(1)?
-4
Let n(x) = -x**2 - 40*x - 214. Give n(-34).
-10
Let k(r) = -r**3 - 11*r**2 - 11*r - 13. Calculate k(-10).
-3
Let r(u) = -2*u**3 - u**2 - 2*u - 2. Give r(-1).
1
Let v(b) = 7*b + 145. Calculate v(-25).
-30
Let c(g) = -g**3 + 12*g**2 - 14*g + 26. Determine c(11).
-7
Let r(v) = -v**2 + 12*v + 14. What is r(11)?
25
Let r(c) = 4*c + 74. Give r(-18).
2
Let j(d) = -11*d - 52. What is j(-5)?
3
Let f(p) = -2*p - 13. Determine f(-10).
7
Let g(s) = s**3 + 11*s**2 + 12*s + 6. Calculate g(-9).
60
Let f(j) = -j - 5. Determine f(-4).
-1
Let n(p) = -2*p**3 + 8*p**2 - 8*p + 17. What is n(3)?
11
Let g(p) = -4*p + 1. Calculate g(-7).
29
Let x(s) = s**3 + 33*s**2 - 25*s + 308. Give x(-34).
2
Let o(c) = -11*c + 9. What is o(-5)?
64
Let r(p) = 2*p**2 + 72*p + 7. Determine r(-36).
7
Let t(p) = -p**2 + 18*p + 14. What is t(19)?
-5
Let h(r) = r**3 - 10*r**2 - 26*r + 16. Calculate h(12).
-8
Let t(v) = -8*v - 54. Give t(-12).
42
Let b(i) = 2*i**2 - 15*i - 8. Calculate b(13).
135
Let z(i) = i**3 + 4*i**2 - 4*i + 5. Calculate z(-5).
0
Let x(b) = 19*b + 8. Calculate x(3).
65
Let j(f) = -4*f + 6. What is j(6)?
-18
Let d(h) = -2*h**2 - 20*h - 32. Calculate d(-7).
10
Let j(g) = 5*g + 32. Give j(-5).
7
Let t(d) = 5*d + 63. Calculate t(-13).
-2
Let q(l) = -l**3 - 8*l**2 - 4*l + 35. Give q(-5).
-20
Let j(l) = 14*l**2 + 5*l + 4. Give j(-2).
50
Let c(i) = i**3 - 13*i**2 - i + 4. Determine c(13).
-9
Let o(d) = d**3 - 7*d**2 + 3*d + 19. What is o(6)?
1
Let j(l) = -l**3 - 11*l**2 - 29*l + 7. Give j(-7).
14
Let h(d) = -9*d + 11. Give h(7).
-52
Let c(n) = -n**2 + 7*n - 7. What is c(5)?
3
Let n(v) = -2*v**2 + 2*v. What is n(-3)?
-24
Let l(x) = -17*x - 4. What is l(-2)?
30
Let j(f) = -35*f + 3. Give j(1).
-32
Let j(a) = a**3 + 4*a**2 + a - 2. What is j(-4)?
-6
Let f(g) = -g**3 - 8*g**2 + g + 57. What is f(-7)?
1
Let k(a) = -a**2 - a + 3. Give k(0).
3
Let a(m) = -m**2 - 10*m - 16. Calculate a(-4).
8
Let w(h) = -4*h**2 + 5*h - 42. Give w(7).
-203
Let d(o) = o**3 - 9*o - 5. Calculate d(-3).
-5
Let m(n) = n**3 + 2*n**2 - 2*n + 1. Calculate m(-3).
-2
Let t(f) = -64*f**3 + 2*f**2 - 6*f + 4. What is t(1)?
-64
Let k(r) = 25*r + 7. Determine k(-3).
-68
Let f(a) = 4*a. What is f(-2)?
-8
Let a(l) = l - 12. Give a(-3).
-15
Let k(q) = q**3 + 12*q**2 + 19*q - 14. What is k(-10)?
-4
Let x(y) = y**2 - 15*y + 65. What is x(8)?
9
Let o(i) = 4*i**2 - 7*i - 12. Determine o(7).
135
Let i(o) = -o**2 - 6*o - 3. Give i(-7).
-10
Let o(f) = -f**2 + 18*f + 12. Determine o(16).
44
Let r(f) = 5*f**2 - f - 8. Determine r(-2).
14
Let j(a) = -a**2 + 12*a - 8. Determine j(8).
24
Let t(u) = u**3 - 2*u**2 - 2*u. What is t(4)?
24
Let z(y) = y**2 + 6*y + 6. Calculate z(-4).
-2
Let y(a) = -a**3 - 7*a**2 + 2*a + 8. What is y(-7)?
-6
Let w(m) = -3*m - 3. Give w(-5).
12
Let p(x) = -x + 38. What is p(22)?
16
Let u(s) = -s**2 + 2*s - 5. What is u(0)?
-5
Let g(q) = -q**2 - 5*q + 9. What is g(-7)?
-5
Let o(m) = 3*m + 12. Determine o(0).
12
Let b(i) = 5*i + 1. Determine b(1).
6
Let y(w) = -w**2 + w - 18. Give y(0).
-18
Let q(b) = b**3 - 6*b**2 + 3*b + 6. Determine q(4).
-14
Let l(z) = -z**3 - 8*z**2 - 7*z + 7. What is l(-7)?
7
Let g(v) = -v**2 - 21*v - 35. Calculate g(-8).
69
Let a(w) = w**2 - 14*w + 18. Determine a(10).
-22
Let l(f) = -2*f**2 - 18*f - 6. Give l(-7).
22
Let l(m) = 3*m - 36. Determine l(10).
-6
Let u(x) = x**3 + 14*x**2 + x + 12. Determine u(-14).
-2
Let o(k) = 3*k + 1. What is o(7)?
22
Let h(w) = 12*w**3 + 3*w**2 - 2*w. Give h(2).
104
Let q(z) = 7*z - 12. Determine q(3).
9
Let o(s) = 3*s**2 + 103*s - 71. Give o(-35).
-1
Let y(x) = -x**3 - 5*x**2 + 4*x - 4. Calculate y(-5).
-24
Let g(a) = -46*a**2 - 2*a - 2. What is g(-1)?
-46
Let r(p) = p**2 + 11*p - 5. Give r(-11).
-5
Let h(m) = m**2 - 15*m + 22. Determine h(14).
8
Let j(v) = v**2 + 1. What is j(-2)?
5
Let v(n) = -3*n**3 + 23*n**2 + 16*n - 66. Calculate v(8).
-2
Let u(w) = -7*w**2 + 5*w + 6. Calculate u(-2).
-32
Let v(m) = m**2 - m - 9. What is v(5)?
11
Let l(t) = -t**3 + 16*t**2 + 17*t + 2. Determine l(17).
2
Let w(h) = 8*h - 1. Give w(4).
31
Let z(y) = -y - 45. What is z(13)?
-58
Let n(s) = -s**3 - 2*s**2 - 3. Determine n(-3).
6
Let c(a) = a**2 + 35*a + 97. Calculate c(-33).
31
Let k(c) = -c**3 - 2*c**2 + 4*c + 3. Determine k(-3).
0
Let o(u) = -5*u + 106. Determine o(17).
21
Let f(k) = 22*k - 284. Calculate f(13).
2
Let a(s) = s**3 + 12*s**2 + 17*s + 24. What is a(-11)?
-42
Let x(c) = -c**2 - 16*c - 20. Determine x(-15).
-5
Let k(i) = -15*i - 98. Determine k(-6).
-8
Let r(y) = -y**2 + 22*y + 15. Calculate r(22).
15
Let o(k) = -k**3 + k**2 + 4*k - 3. Give o(2).
1
Let v(j) = -j**3 + 5*j**2 - 3*j - 4. Give v(5).
-19
Let v(h) = 3*h**2 - 5*h + 3. Calculate v(3).
15
Let d(h) = -h**2 + 21*h - 42. Determine d(18).
12
Let v(z) = z**3 + 7*z**2 - 54*z + 69. Calculate v(-12).
-3
Let t(z) = -3*z - 39. What is t(6)?
-57
Let w(b) = 4*b**2 - 13*b - 9. What is w(5)?
26
Let f(p) = -p**2 - 17*p - 11. What is f(-12)?
49
Let i(s) = -s**3 + 28*s**2 - 4*s + 109. What is i(28)?
-3
Let v(b) = 3*b + 33. Give v(-10).
3
Let v(m) = 78*m - 73. What is v(1)?
5
Let p(j) = 3*j + 4. Give p(-5).
-11
Let v(u) = -u + 27. Calculate v(-3).
30
Let f(w) = -2*w**3 - 12*w**2 - 10*w + 8. Calculate f(-5).
8
Let c(p) = 8*p**2 + 2*p - 2. Determine c(2).
34
Let d(m) = 17*m**3 - 2*m**2 + m + 1. What is d(1)?
17
Let b(t) = -42*t. What is b(-1)?
42
Let r(p) = p**3 + 6*p**2 - 10*p - 2. Calculate r(-8).
-50
Let a(j) = -j**3 + 4*j**2 + 4*j - 3. Calculate a(5).
-8
Let r(a) = -5*a + 29. Give r(-12).
89
Let p(i) = -18*i**3 + i**2 + i + 1. What is p(-1)?
19
Let m(q) = 26*q - 5. Give m(2).
47
Let p(b) = 9*b**3 - 1. Calculate p(1).
8
Let t(r) = 5*r - 32. Determine t(6).
-2
Let x(m) = m - 5. Calculate x(2).
-3
Let r(s) = -s**2 - 3*s + 5. What is r(-5)?
-5
Let i(v) = -v + 8. Determine i(-11).
19
Let u(i) = -i**3 + 8*i**2 - 13*i + 10. What is u(5)?
20
Let d(z) = -z**3 + 10*z**2 - 8*z - 4. Give d(9).
5
Let f(r) = 5*r**2 - r + 1. Calculate f(1).
5
Let y(u) = -u + 5. What is y(5)?
0
Let k(x) = x**2 + 54*x + 557. Give k(-14).
-3
Let j(u) = -3*u**2 + 2*u + 2. Calculate j(1).
1
Let c(u) = -17*u - 14. Calculate c(-5).
71
Let a(l) = -14*l + 7. Give a(2).
-21
Let w(n) = -n**3 + 4*n**2 - n + 4. Determine w(4).
0
Let v(m) = 85*m - 682. Calculate v(8).
-2
Let q(j) = j - 8. Calculate q(11).
3
Let j(f) = -f**3 + 10*f**2 + 41*f - 14. What is j(13)?
12
Let s(y) = -y**3 - 13*y**2 + 8*y - 15. Determine s(-13).
-119
Let o(d) = d - 26. Calculate o(13).
-13
Let r(j) = -2*j**2 + j + 2. Give r(-2).
-8
Let a(i) = -13*i - 84. Give a(-7).
7
Let u(l) = l**2 - 18*l - 5. Calculate u(19).
14
Let z(u) = -u**2 + 18*u + 23. Calculate z(20).
-17
Let z(g) = -g + 17. Give z(20).
-3
Let r(j) = 9*j. Determine r(1).
9
Let q(i) = i**3 + 9*i**2 + 10*i - 15. Determine q(-7).
13
Let c(b) = -2*b**2 - 114*b + 113. Give c(-58).
-3
Let g(j) = -j**2 + 3*j + 2. What is g(-2)?
-8
Let u(i) = -i**2 - 6*i + 7. Calculate u(-9).
-20
Let c(d) = 2*d**2 - 7*d - 49. Calculate c(-4).
11
Let c(m) = -19*m + 453. Determine c(23).
16
Let g(n) = n**2 - 12*n + 7. Calculate g(5).
-28
Let t(u) = u**2 - 8*u - 30. Give t(13).
35
Let k(x) = -5*x**2 - 2*x - 1. Give k(-2).
-17
Let x(n) = -6*n + 8. Determine x(2).
-4
Let c(v) = v**2 + 10*v - 26. Calculate c(-13).
13
Let w(i) = 3*i + 10. Determine w(-8).
-14
Let x(f) = -f**2 - 9*f - 14. Calculate x(-5).
6
Let c(b) = 2*b + 35. What is c(-9)?
17
Let v(z) = z**2 + 4*z + 4. What is v(-5)?
9
Let x(r) = 2*r**3 - 14*r**2 + 14*r - 33. Calculate x(6).
-21
Let j(c) = 2*c + 50. Give j(-28).
-6
Let h(z) = -z**3 + 15*z**2 + 15*z + 16. Determine h(16).
0
Let x(d) = 2*d**3 + 3*d**2 - 5*d - 6. What is x(-3)?
-18
Let n(h) = h - 2. Determine n(4).
2
Let s(k) = 30*k. Determine s(1).
30
Let v(y) = -y**2 - 18*y - 21. Calculate v(-17).
-4
Let u(l) = -2*l**2 - 2*l + 4. Give u(-8).
-108
Let q(m) = m**3 + 9*m**2 + 6*m - 5. Calculate q(-3).
31
Let n(z) = z**3 - 9*z**2 + 1. What is n(9)?
1
Let l(p) = p**2 - 11*p - 29. Determine l(13).
-3
Let n(k) = -2*k**3 - 3*k**2 + 5*k + 7. Give n(-4).
67
Let h(g) = -33*g + 893. Give h(27).
2
Let j(p) = p**3 + 5*p**2 + 2*p. Give j(-5).
-10
Let n(v) = -v**2 + 12*v + 7. Calculate n(12).
7
Let g(b) = -16*b*